ts digit of a(q)?
6
Let y be (-42)/(-2)*(1/3 + 0). Suppose -4 = -y*u + 24. Suppose 5*z - 459 = 6*j - 5*j, u*j = 3*z - 272. What is the tens digit of z?
9
Suppose 79*o = 176*o - 970. Suppose 28 = 4*x + 128. What is the units digit of (o/x)/((-2)/400)?
0
Let b be (-9 - 400/(-48)) + 20/(-6). What is the units digit of (-1 - (-7695)/20) + 3/b?
3
Suppose -3*r + 3*k = -84, -2*k - 153 + 31 = -4*r. Let i = 27 - r. What is the hundreds digit of 6*(-104)/i + 4?
1
Suppose 2*x = 3*x + 5*u - 7, 4*x = -5*u + 43. Let k be (940/x)/(-5)*6/1. Let l = 211 + k. What is the units digit of l?
7
Let l be (-80)/6*138/46. What is the tens digit of 6/10 + (-96)/l + 605?
0
Let u be (-1 - -5)*4*56/128. Let l(z) = 12*z**2 - 30*z + 17. What is the tens digit of l(u)?
9
Let y be ((-43)/3 - 3) + 8/(-12). Let d be (-4)/y - 15274/126. What is the tens digit of 0/1 - (d - 4)?
2
Let q(m) = m**2 - 4*m - 9. Let p(f) = 4*f + 8. Let u(b) = 4*p(b) + 5*q(b). What is the tens digit of u(7)?
0
Let v be 912/18 - 1/(-3). Suppose 50 = 4*h - 6*h. Let t = h + v. What is the units digit of t?
6
Let w(r) = 40*r**3 + r**2 - 44*r + 1. What is the hundreds digit of w(4)?
4
Suppose 3*c - 3012 - 9986 = -2*u, 2*u = 2*c + 12988. What is the hundreds digit of u?
4
Let t = 92 + -85. Let f(g) = -2*g + 17. Let d be f(t). Suppose -382 = -d*h + 4*j, 5*h + 4*j = 3*j + 606. What is the units digit of h?
2
Let x(o) = o**3 + 47*o**2 - 49*o + 383. What is the tens digit of x(-25)?
5
Let h(g) = -9*g**3 + g**2 + 7*g. Let r be (5 + (-57)/6)/(18/24). What is the tens digit of h(r)?
3
Let y(s) = 1 - 1 - 6*s**2 + 3*s + s**3. Let f be y(5). What is the tens digit of 1/(f/(-6)) - 7240/(-100)?
7
Let g(r) = -r**3 - r**2 - 5*r - 1. Let t be g(-5). Let p = -50 + t. Suppose -4*j + 5*s = -222, -j + 5*s = -p + 11. What is the tens digit of j?
5
Let d(r) = 2*r**3 + 4*r**2 - 14*r + 42. Let g(x) = x**3 - x**2 - 18*x + 6. Let f be g(0). What is the tens digit of d(f)?
3
Suppose -8*y + 4*k = -5*y - 36099, -k = -2*y + 24066. What is the thousands digit of y?
2
Suppose -132 - 348 = -2*i. Let o be (-8)/(i/(-78)) + 6/(-10). What is the units digit of 245 + (-16)/(-6)*(-3)/o?
1
Let q(i) be the second derivative of -71*i**3/2 + 57*i**2 + 2*i - 70. What is the tens digit of q(-3)?
5
Suppose -23*t + 130272 = -142554. What is the hundreds digit of t?
8
Let p(t) = 4076*t + 3732. What is the ten thousands digit of p(22)?
9
Let j(y) = 21*y**3 - y + 2. Let o = 11 + -5. Suppose i - o = -2*q + 1, 0 = -4*q + 5*i - 21. What is the units digit of j(q)?
2
Let s(f) = 151*f**2 + 9*f + 79. Let k be s(-9). Suppose 27*p - 36880 = -k. What is the units digit of p?
3
Suppose -f + 2*a + 1529 = 0, 4*a + 4583 = 3*f - 0*a. Suppose -14*y + 19*y = f. What is the tens digit of y?
0
Let d = 1036 + -1745. Let g = -346 - d. Let b = g + -208. What is the hundreds digit of b?
1
What is the hundreds digit of -3*1/(-5) - 13648*(-68)/85?
9
Let j(c) = 549*c**3 - 4*c + 5. Suppose 2*v - 7 = -5. What is the tens digit of j(v)?
5
Suppose 3*v + 3*t + 489 = -0*t, 4*t + 16 = 0. Suppose s = o + 221, 2*o + 4*s + s + 470 = 0. Let d = v - o. What is the units digit of d?
6
Suppose i - 43505 = 173*t - 175*t, 2*t = 2*i + 43490. What is the thousands digit of t?
1
Suppose 4 = -4*z - 2*x, z = -5*x + 2 + 6. What is the tens digit of (6 + z)/4*1191?
9
Suppose 48 = -7*w - 99. Let k = 70 - w. Let i = 93 - k. What is the units digit of i?
2
Suppose -53*b + 52 = -49*b. What is the tens digit of 2 + 279 + (-52)/b + -4?
7
Let g = -22 - -37. Let k(z) = 2*z**3 + 15*z**2 + 2*z - 16. Let s(m) = 5*m**3 + 45*m**2 + 5*m - 48. Let f(i) = 8*k(i) - 3*s(i). What is the tens digit of f(g)?
3
Let c = 1505 + -688. Let v = -572 + c. What is the hundreds digit of v?
2
Let o be (194/12)/(2/12). Let g = 78 - o. Let t(j) = -12*j - 61. What is the units digit of t(g)?
7
Let x be -12 + -3 + (-3 + 3 - 0). What is the tens digit of 1*(21/(-35) - 3264/x)?
1
Suppose 5*b - 22 = s - 2*s, -6 = -4*b + 5*s. Suppose m - c + 519 = b*m, 4*m = c + 685. What is the hundreds digit of m?
1
Let l(k) = k**3 + 12*k**2 + 6*k + 18. Let b = 139 - 146. What is the hundreds digit of l(b)?
2
Suppose 0*q = 4*q - 2*c - 386, 2*q = -c + 195. Suppose q + 147 = -f. Let o = -113 - f. What is the units digit of o?
1
Let l(g) = -32 + 3*g**2 + 10 - 2*g**2 - 24 - 14*g. Let t be l(-21). Suppose 3*f = t + 142. What is the tens digit of f?
7
Let d = -2180 + 4017. What is the units digit of d?
7
Suppose -12 = 55*a - 57*a + 2*f, 0 = -4*f - 8. Suppose -2*w = -k + 5*k - 116, -a*w = 4*k - 108. What is the units digit of k?
1
Suppose g + 38418 = -199*t + 203*t, t - 9615 = 2*g. What is the thousands digit of t?
9
Let i = 2687 - -17208. What is the tens digit of i?
9
Let d(m) = 17*m + 5. Let q = -68 - -82. Let c be d(q). Suppose -80*w = -83*w + c. What is the tens digit of w?
8
Suppose -67*j = -239*j + 400072. What is the hundreds digit of j?
3
Let w = -1378 + 2375. Suppose 5*t - 2230 = -4*u + w, 5*t - 3237 = u. What is the units digit of t?
7
Let n(u) = -17*u**2 + 2*u + 2. Let d be n(2). Suppose 2*t + 12 = -4*w - 8, -4*t = 3*w + 15. What is the tens digit of 6 + (0 - d) + (t - 0)?
6
Let p(k) = -222*k**3 + 5*k**2 - 8*k - 69. What is the hundreds digit of p(-5)?
8
Let r(u) = 3*u**2 + 8*u - 2. Let z(j) = j**2 + 1. Let p(x) = r(x) - 4*z(x). Let i be p(5). What is the hundreds digit of 12/i*3210/20?
2
Suppose 4*v + 2*m + 1224 = -0*v, 0 = 4*m. Let n be 2512/4396*3346/4. Let d = n + v. What is the tens digit of d?
7
Suppose 2*z + 6848 = m, 3*m - 4*z + 27356 = 7*m. What is the hundreds digit of m?
8
What is the units digit of (-366)/((-5)/((-2205)/(-14)))?
9
Let s be 250/(-2) - 2/(-3)*-6. Let w = s + 131. Suppose -w*j = -2*d - 5*j + 521, -d + 5*j + 228 = 0. What is the hundreds digit of d?
2
Let j = 4057 + 8467. What is the thousands digit of j?
2
Suppose 3*t - 21 = -3*z, -4*z = 3*t - 32 + 8. Suppose 0 = z*a - 3, -78 = 2*s + 2*a + 16. Let h = 15 - s. What is the tens digit of h?
6
Let p = -95 - -92. Let n be 178*(14/p)/(16/(-12)). Suppose -9*h = -16*h + n. What is the units digit of h?
9
Let i(q) = 71*q + 76. What is the units digit of i(98)?
4
Let z be ((-6)/(-18))/(4/(-180)). Let y = 146 - z. What is the tens digit of y?
6
What is the tens digit of 230280/(-16)*4/(-5)?
1
Let n(i) = -4*i**3 - 5*i**2 + i + 7. Suppose 0 = -o + 4, -f = -3*o - o + 19. Let h be n(f). Suppose 0 = 4*z - h - 13. What is the tens digit of z?
2
Let g = -920 - -1434. What is the tens digit of g?
1
Suppose 5*a = u - 38676, 13411 = 2*u + a - 63897. What is the tens digit of u?
5
Suppose -10*s - 22 = -72. Suppose -s*v + 0*m + 40 = m, 34 = 2*v + 4*m. What is the units digit of v?
7
Let q(z) be the third derivative of -z**6/120 - 43*z**5/60 - 17*z**4/24 - 35*z**3/6 + 22*z**2 - 2. What is the hundreds digit of q(-43)?
6
Suppose 11*t - t = 30. Suppose -u = 4*u + 2*h - 3, -t*u = -h + 7. What is the tens digit of 46 - u/((-2)/(-12)*2)?
4
Let k = 154 + -141. Suppose -27*q + 364 = -k*q. What is the units digit of q?
6
Suppose 3*r + 20 = -m, -4*r - 2*m - m - 25 = 0. Let p be r/2 - 4/8 - 3. What is the hundreds digit of (p + 1)/(3/(-86))?
1
What is the units digit of 2 + 6/(42/8869)?
9
Suppose 3*s = -129*a + 126*a + 29226, a + 2*s = 9737. What is the units digit of a?
7
Let a = 41 + -35. Suppose a*n - 649 = 251. Suppose 4*q - n = q. What is the tens digit of q?
5
Let a(s) be the third derivative of s**5/60 - 17*s**4/24 - 7*s**3/6 + 16*s**2. Let y be a(16). Let j = 24 - y. What is the tens digit of j?
4
What is the hundreds digit of 2 - (-2)/(-2) - (14 - 8) - -21961?
9
Let p = -22075 + 31391. What is the units digit of p?
6
What is the thousands digit of (-24728)/(-6) + (-8)/24?
4
Let h be (-26 + (4 + -3)*-2)/(-1). Let j be -1 - (h/(-4) - -3). Suppose -3*r + 202 - 32 = 5*p, 3*p - 102 = j*r. What is the tens digit of p?
3
Suppose 4*u + 24 = 12*u. Suppose -r - 1 = -2*i - 0*r, i + 12 = u*r. Suppose i*m = -5*d - 20 + 138, -m - 114 = -5*d. What is the units digit of d?
3
Suppose y + 60 = 4*k - 3*y, -2 = -2*y. Suppose 0 = -k*z - 1251 + 5811. What is the hundreds digit of z?
2
Let f = 8059 + 12042. What is the units digit of f?
1
Suppose 0 = -r - 4 + 1961. What is the tens digit of r?
5
Let o(b) = 3*b**3 - 4*b**2 + 5*b - 5. Let r be o(4). Suppose 6*d - r = 2191. What is the hundreds digit of d?
3
Let f(g) = 3*